{"id":81,"date":"2019-01-08T10:22:15","date_gmt":"2019-01-08T10:22:15","guid":{"rendered":"http:\/\/swissnanoconvention.ch\/2019\/?page_id=81"},"modified":"2025-01-13T12:37:22","modified_gmt":"2025-01-13T12:37:22","slug":"technical-program","status":"publish","type":"page","link":"https:\/\/swissnanoconvention.ch\/2019\/technical-program\/","title":{"rendered":"Technical Program"},"content":{"rendered":"<p><span style=\"color: #800000;\"><strong>Update: May 1, 2019 &#8211; Detailed Program available<\/strong><\/span><\/p>\n<p style=\"padding-left: 10px; padding-right: 10px;\"><strong>CONFIRMED PLENARY SPEAKERS:<\/strong><\/p>\n<ul>\n<li><a href=\"https:\/\/www.phy.cam.ac.uk\/directory\/baumbergj\" target=\"_blank\" rel=\"noopener noreferrer\">Prof. J\u00e9r\u00e9my Baumberg<\/a>, University of Cambridge<\/li>\n<li><a href=\"https:\/\/www.mavt.ethz.ch\/the-department\/people\/person-detail.OTU0MTc=.TGlzdC8xMzc0LC02OTM2MTkzMA==.html\" target=\"_blank\" rel=\"noopener noreferrer\">Prof Janos V\u00f6r\u00f6s<\/a>, ETHZ<\/li>\n<li><a href=\"https:\/\/researcher.watson.ibm.com\/researcher\/view.php?person=zurich-hei\" target=\"_blank\" rel=\"noopener noreferrer\">Dr. Heike Riel<\/a>, IBM Zurich<\/li>\n<\/ul>\n<hr \/>\n<p><em>Click image to see SNC 2019 detailed program.<\/em><br \/>\n<a href=\"http:\/\/swissnanoconvention.ch\/2019\/program2019.php\" target=\"_blank\" rel=\"noopener noreferrer\"><img loading=\"lazy\" class=\"figcaption aligncenter wp-image-230\" src=\"http:\/\/swissnanoconvention.ch\/2019\/wp-content\/uploads\/2019\/04\/program_partial_web-916x1024.png\" alt=\"\" width=\"450\" height=\"503\" srcset=\"https:\/\/swissnanoconvention.ch\/2019\/wp-content\/uploads\/2019\/04\/program_partial_web-916x1024.png 916w, https:\/\/swissnanoconvention.ch\/2019\/wp-content\/uploads\/2019\/04\/program_partial_web-268x300.png 268w, https:\/\/swissnanoconvention.ch\/2019\/wp-content\/uploads\/2019\/04\/program_partial_web-768x859.png 768w, https:\/\/swissnanoconvention.ch\/2019\/wp-content\/uploads\/2019\/04\/program_partial_web.png 1023w\" sizes=\"(max-width: 450px) 100vw, 450px\" \/><\/a><\/p>\n<p>&nbsp;<\/p>\n<p><strong>SNC 2019 General Chair:<\/strong> <span style=\"color: #333333;\"><strong>Prof. Olivier Martin, <a href=\"https:\/\/nam.epfl.ch\" target=\"_blank\" rel=\"noopener noreferrer\">NAM Laboratory<\/a>,\u00a0<a href=\"https:\/\/nam.epfl.ch\" target=\"_blank\" rel=\"noopener noreferrer\">EPFL<\/a>\u00a0<\/strong><\/span><\/p>\n<hr \/>\n<p>Swiss NanoConvention brings together Swiss and international leaders from science and industry in the field of \u00abnano\u00bb, key figures in innovation and technology, entrepreneurs, investors, administrators and politicians. The Swiss NanoConvention is a platform for connecting people, networking, debating and exchanging ideas \u2013 or even generating new ones. Key players are able to gather the best available information on the potential, but also on the risks of one of the key emerging technologies of the 21st century, and its opportunities for innovative technologies, products and services.<\/p>\n<p>Sessions of this year\u2019s conference will include:<\/p>\n<ul>\n<li>Sensing<\/li>\n<li>Nano-Fabrication &amp; Nano-Devices<\/li>\n<li>Biointerfaces and Bio inspired Materials<\/li>\n<li>Advanced Analytics<\/li>\n<li>Nano-Optics<\/li>\n<li>Quantum systems<\/li>\n<li>Metrology<\/li>\n<\/ul>\n<hr \/>\n<div class=\"mceTemp\"><\/div>\n<hr \/>\n<p><img loading=\"lazy\" class=\"aligncenter wp-image-85 size-large\" style=\"border: 2px grey solid;\" src=\"http:\/\/swissnanoconvention.ch\/2019\/wp-content\/uploads\/2019\/01\/D4_SNC2017_tedbyrne_20170601_0012-1024x680.jpg\" alt=\"\" width=\"750\" height=\"498\" srcset=\"https:\/\/swissnanoconvention.ch\/2019\/wp-content\/uploads\/2019\/01\/D4_SNC2017_tedbyrne_20170601_0012-1024x680.jpg 1024w, https:\/\/swissnanoconvention.ch\/2019\/wp-content\/uploads\/2019\/01\/D4_SNC2017_tedbyrne_20170601_0012-300x199.jpg 300w, https:\/\/swissnanoconvention.ch\/2019\/wp-content\/uploads\/2019\/01\/D4_SNC2017_tedbyrne_20170601_0012-768x510.jpg 768w\" sizes=\"(max-width: 750px) 100vw, 750px\" \/> <img loading=\"lazy\" class=\"aligncenter wp-image-84 size-large\" style=\"border: 2px grey solid;\" src=\"http:\/\/swissnanoconvention.ch\/2019\/wp-content\/uploads\/2019\/01\/D4_SNC2017_tedbyrne_20170601_0008-680x1024.jpg\" alt=\"\" width=\"680\" height=\"1024\" srcset=\"https:\/\/swissnanoconvention.ch\/2019\/wp-content\/uploads\/2019\/01\/D4_SNC2017_tedbyrne_20170601_0008-680x1024.jpg 680w, https:\/\/swissnanoconvention.ch\/2019\/wp-content\/uploads\/2019\/01\/D4_SNC2017_tedbyrne_20170601_0008-199x300.jpg 199w, https:\/\/swissnanoconvention.ch\/2019\/wp-content\/uploads\/2019\/01\/D4_SNC2017_tedbyrne_20170601_0008-768x1156.jpg 768w\" sizes=\"(max-width: 680px) 100vw, 680px\" \/><\/p>\n","protected":false},"excerpt":{"rendered":"<p>Update: May 1, 2019 &#8211; Detailed Program available CONFIRMED PLENARY SPEAKERS: Prof. J\u00e9r\u00e9my Baumberg, University of Cambridge Prof Janos V\u00f6r\u00f6s, ETHZ Dr. Heike Riel, IBM Zurich Click image to see SNC 2019 detailed program. &nbsp; SNC 2019 General Chair: Prof.<\/p>\n","protected":false},"author":1,"featured_media":0,"parent":0,"menu_order":0,"comment_status":"closed","ping_status":"closed","template":"","meta":[],"_links":{"self":[{"href":"https:\/\/swissnanoconvention.ch\/2019\/wp-json\/wp\/v2\/pages\/81"}],"collection":[{"href":"https:\/\/swissnanoconvention.ch\/2019\/wp-json\/wp\/v2\/pages"}],"about":[{"href":"https:\/\/swissnanoconvention.ch\/2019\/wp-json\/wp\/v2\/types\/page"}],"author":[{"embeddable":true,"href":"https:\/\/swissnanoconvention.ch\/2019\/wp-json\/wp\/v2\/users\/1"}],"replies":[{"embeddable":true,"href":"https:\/\/swissnanoconvention.ch\/2019\/wp-json\/wp\/v2\/comments?post=81"}],"version-history":[{"count":12,"href":"https:\/\/swissnanoconvention.ch\/2019\/wp-json\/wp\/v2\/pages\/81\/revisions"}],"predecessor-version":[{"id":349,"href":"https:\/\/swissnanoconvention.ch\/2019\/wp-json\/wp\/v2\/pages\/81\/revisions\/349"}],"wp:attachment":[{"href":"https:\/\/swissnanoconvention.ch\/2019\/wp-json\/wp\/v2\/media?parent=81"}],"curies":[{"name":"wp","href":"https:\/\/api.w.org\/{rel}","templated":true}]}}

<p><span style="color: #800000;"><strong>Update: May 1, 2019 &#8211; Detailed Program available</strong></span></p>
<p style="padding-left: 10px; padding-right: 10px;"><strong>CONFIRMED PLENARY SPEAKERS:</strong></p>
<ul>
<li><a href="https://www.phy.cam.ac.uk/directory/baumbergj" target="_blank" rel="noopener noreferrer">Prof. Jérémy Baumberg</a>, University of Cambridge</li>
<li><a href="https://www.mavt.ethz.ch/the-department/people/person-detail.OTU0MTc=.TGlzdC8xMzc0LC02OTM2MTkzMA==.html" target="_blank" rel="noopener noreferrer">Prof Janos Vörös</a>, ETHZ</li>
<li><a href="https://researcher.watson.ibm.com/researcher/view.php?person=zurich-hei" target="_blank" rel="noopener noreferrer">Dr. Heike Riel</a>, IBM Zurich</li>
</ul>
<hr />
<p><em>Click image to see SNC 2019 detailed program.</em><br />
<a href="http://swissnanoconvention.ch/2019/program2019.php" target="_blank" rel="noopener noreferrer"><img loading="lazy" class="figcaption aligncenter wp-image-230" src="http://swissnanoconvention.ch/2019/wp-content/uploads/2019/04/program_partial_web-916x1024.png" alt="" width="450" height="503" srcset="https://swissnanoconvention.ch/2019/wp-content/uploads/2019/04/program_partial_web-916x1024.png 916w, https://swissnanoconvention.ch/2019/wp-content/uploads/2019/04/program_partial_web-268x300.png 268w, https://swissnanoconvention.ch/2019/wp-content/uploads/2019/04/program_partial_web-768x859.png 768w, https://swissnanoconvention.ch/2019/wp-content/uploads/2019/04/program_partial_web.png 1023w" sizes="(max-width: 450px) 100vw, 450px" /></a></p>
<p>&nbsp;</p>
<p><strong>SNC 2019 General Chair:</strong> <span style="color: #333333;"><strong>Prof. Olivier Martin, <a href="https://nam.epfl.ch" target="_blank" rel="noopener noreferrer">NAM Laboratory</a>, <a href="https://nam.epfl.ch" target="_blank" rel="noopener noreferrer">EPFL</a> </strong></span></p>
<hr />
<p>Swiss NanoConvention brings together Swiss and international leaders from science and industry in the field of «nano», key figures in innovation and technology, entrepreneurs, investors, administrators and politicians. The Swiss NanoConvention is a platform for connecting people, networking, debating and exchanging ideas – or even generating new ones. Key players are able to gather the best available information on the potential, but also on the risks of one of the key emerging technologies of the 21st century, and its opportunities for innovative technologies, products and services.</p>
<p>Sessions of this year’s conference will include:</p>
<ul>
<li>Sensing</li>
<li>Nano-Fabrication &amp; Nano-Devices</li>
<li>Biointerfaces and Bio inspired Materials</li>
<li>Advanced Analytics</li>
<li>Nano-Optics</li>
<li>Quantum systems</li>
<li>Metrology</li>
</ul>
<hr />
<div class="mceTemp"></div>
<hr />
<p><img loading="lazy" class="aligncenter wp-image-85 size-large" style="border: 2px grey solid;" src="http://swissnanoconvention.ch/2019/wp-content/uploads/2019/01/D4_SNC2017_tedbyrne_20170601_0012-1024x680.jpg" alt="" width="750" height="498" srcset="https://swissnanoconvention.ch/2019/wp-content/uploads/2019/01/D4_SNC2017_tedbyrne_20170601_0012-1024x680.jpg 1024w, https://swissnanoconvention.ch/2019/wp-content/uploads/2019/01/D4_SNC2017_tedbyrne_20170601_0012-300x199.jpg 300w, https://swissnanoconvention.ch/2019/wp-content/uploads/2019/01/D4_SNC2017_tedbyrne_20170601_0012-768x510.jpg 768w" sizes="(max-width: 750px) 100vw, 750px" /> <img loading="lazy" class="aligncenter wp-image-84 size-large" style="border: 2px grey solid;" src="http://swissnanoconvention.ch/2019/wp-content/uploads/2019/01/D4_SNC2017_tedbyrne_20170601_0008-680x1024.jpg" alt="" width="680" height="1024" srcset="https://swissnanoconvention.ch/2019/wp-content/uploads/2019/01/D4_SNC2017_tedbyrne_20170601_0008-680x1024.jpg 680w, https://swissnanoconvention.ch/2019/wp-content/uploads/2019/01/D4_SNC2017_tedbyrne_20170601_0008-199x300.jpg 199w, https://swissnanoconvention.ch/2019/wp-content/uploads/2019/01/D4_SNC2017_tedbyrne_20170601_0008-768x1156.jpg 768w" sizes="(max-width: 680px) 100vw, 680px" /></p>

<p>Update: May 1, 2019 &#8211; Detailed Program available CONFIRMED PLENARY SPEAKERS: Prof. Jérémy Baumberg, University of Cambridge Prof Janos Vörös, ETHZ Dr. Heike Riel, IBM Zurich Click image to see SNC 2019 detailed program. &nbsp; SNC 2019 General Chair: Prof.</p>
