{"id":121,"date":"2024-11-13T14:32:31","date_gmt":"2024-11-13T12:32:31","guid":{"rendered":"https:\/\/swissnanoconvention.ch\/2025\/?page_id=121"},"modified":"2025-06-04T08:02:12","modified_gmt":"2025-06-04T06:02:12","slug":"program","status":"publish","type":"page","link":"https:\/\/swissnanoconvention.ch\/2025\/program\/","title":{"rendered":"Technical Program"},"content":{"rendered":"<p>We are happy to announce the following <strong>Keynote Speakers<\/strong> have been confirmed for SNC 2025:<\/p>\n<div>\n<table style=\"border-collapse: collapse; width: 100%;\">\n<tbody>\n<tr>\n<td style=\"width: 50%; text-align: center;\"><img loading=\"lazy\" decoding=\"async\" class=\"aligncenter wp-image-126\" src=\"https:\/\/swissnanoconvention.ch\/2025\/wp-content\/uploads\/2024\/11\/AFiM_epfl_circle_450px-300x300.jpg\" alt=\"\" width=\"250\" height=\"250\" srcset=\"https:\/\/swissnanoconvention.ch\/2025\/wp-content\/uploads\/2024\/11\/AFiM_epfl_circle_450px-300x300.jpg 300w, https:\/\/swissnanoconvention.ch\/2025\/wp-content\/uploads\/2024\/11\/AFiM_epfl_circle_450px-150x150.jpg 150w, https:\/\/swissnanoconvention.ch\/2025\/wp-content\/uploads\/2024\/11\/AFiM_epfl_circle_450px-270x270.jpg 270w, https:\/\/swissnanoconvention.ch\/2025\/wp-content\/uploads\/2024\/11\/AFiM_epfl_circle_450px-230x230.jpg 230w, https:\/\/swissnanoconvention.ch\/2025\/wp-content\/uploads\/2024\/11\/AFiM_epfl_circle_450px.jpg 450w\" sizes=\"auto, (max-width: 250px) 100vw, 250px\" \/><\/td>\n<td style=\"width: 50%; text-align: center;\"><img loading=\"lazy\" decoding=\"async\" class=\"aligncenter wp-image-127\" src=\"https:\/\/swissnanoconvention.ch\/2025\/wp-content\/uploads\/2024\/11\/benschop_linkedin_circle_450px-300x300.jpg\" alt=\"\" width=\"250\" height=\"250\" srcset=\"https:\/\/swissnanoconvention.ch\/2025\/wp-content\/uploads\/2024\/11\/benschop_linkedin_circle_450px-300x300.jpg 300w, https:\/\/swissnanoconvention.ch\/2025\/wp-content\/uploads\/2024\/11\/benschop_linkedin_circle_450px-150x150.jpg 150w, https:\/\/swissnanoconvention.ch\/2025\/wp-content\/uploads\/2024\/11\/benschop_linkedin_circle_450px-270x270.jpg 270w, https:\/\/swissnanoconvention.ch\/2025\/wp-content\/uploads\/2024\/11\/benschop_linkedin_circle_450px-230x230.jpg 230w, https:\/\/swissnanoconvention.ch\/2025\/wp-content\/uploads\/2024\/11\/benschop_linkedin_circle_450px.jpg 450w\" sizes=\"auto, (max-width: 250px) 100vw, 250px\" \/><\/td>\n<\/tr>\n<tr>\n<td style=\"width: 50%; text-align: center;\">\n<p><strong><a href=\"\/2025\/speakers\/afm\" target=\"_blank\" rel=\"noopener\">Anna Fontcuberta i Morral<\/a><\/strong><br \/>\nPresident, EPFL<br \/>\nProfessor, Laboratory of Semiconductor Materials<br \/>\nSwitzerland<\/p>\n<\/td>\n<td style=\"width: 50%; text-align: center;\"><strong><a href=\"\/2025\/speakers\/benschop\" target=\"_blank\" rel=\"noopener\">Jos Benschop<\/a><br \/>\n<\/strong>Executive Vice President Technology<br \/>\nASML<br \/>\nThe Netherlands<\/td>\n<\/tr>\n<\/tbody>\n<\/table>\n<div>\n<hr \/>\n<h3>Final Program<\/h3>\n<h3><span style=\"font-size: 10pt;\"><em><span style=\"font-size: 10pt; background-color: #ffff99;\">Last update: June 4, 2025<\/span><br \/>\n<\/em><\/span><\/h3>\n\n<table id=\"tablepress-2\" class=\"tablepress tablepress-id-2\">\n<tbody>\n<tr class=\"row-1\">\n\t<td class=\"column-1\"><\/td><td class=\"column-2\"><\/td>\n<\/tr>\n<tr class=\"row-2\">\n\t<td class=\"column-1\"><b>Wednesday 11 June 2025<\/b> <\/td><td class=\"column-2\">Exhibition Setup from 15:00 - 18:00<\/td>\n<\/tr>\n<tr class=\"row-3\">\n\t<td class=\"column-1\"><\/td><td class=\"column-2\"><\/td>\n<\/tr>\n<tr class=\"row-4\">\n\t<td class=\"column-1\"><b>Thursday 12 June 2025<\/b> <\/td><td class=\"column-2\"><\/td>\n<\/tr>\n<tr class=\"row-5\">\n\t<td class=\"column-1\">08:15<\/td><td class=\"column-2\">Registration Desk Opens<\/td>\n<\/tr>\n<tr class=\"row-6\">\n\t<td class=\"column-1\">09:00 - 09:20<\/td><td class=\"column-2\"><span class=\"session-title\">Opening and Welcome<\/span><br \/>\n<br \/>\n<br \/>\n<b>Martina Bircher<\/b>, Executive Council and Head of the <a href=\"https:\/\/www.ag.ch\/en\/verwaltung\/bks\/ueber-uns\">Department of Education, Culture and Sport (BKS)<\/a>, Canton of Aargau   <i style=\"color:#258ACB; font-size:smaller;\">[welcome in German]<\/i><br \/>\n<br \/>\n<b>Hatice Altug<\/b>, <a href=\"https:\/\/people.epfl.ch\/hatice.altug\" target=\"_blank\" rel=\"noopener\">EPFL<\/a> (SNC 2025 co-Chair)<br \/>\n<br \/>\n<b>Yasin Ekinci<\/b>, <a href=\"https:\/\/www.psi.ch\/en\/lxn\/people\/yasin-ekinci\" target=\"_blank\" rel=\"noopener\">PSI<\/a> &amp; Swiss MNT Board (SNC 2025 co-Chair)<br \/>\n<br \/>\n<br \/>\n<\/td>\n<\/tr>\n<tr class=\"row-7\">\n\t<td class=\"column-1\">09:20 - 10:00<\/td><td class=\"column-2\"><span class=\"session-title\">Keynote Talk<\/span><br \/>\n<span class=\"chairs\">Chair: Hatice Altug, EPFL<\/span><br \/>\n<span class=\"keynote-title\">KEYNOTE<\/span><br \/>\n<b><a class=\"speaker-link\" href=\"..\/speakers\/afm\" target=\"_blank\" rel=\"noopener\">Prof. Anna Fontcuberta i Morral<\/a><\/b>, Laboratory of Semiconductor Materials, Institute of Materials, School of Engineering, EPFL. Institute of Physics, School of Basic Sciences, EPFL, Switzerland<br \/>\n<br \/>\n<img decoding=\"async\" class=\"title-icon\" src=\"..\/media\/speaker-icon.png\" width=\"20\"><i>Nanotechnology for new materials and technologies in the green energy and quantum age<\/i><br \/>\n<br \/>\n<\/td>\n<\/tr>\n<tr class=\"row-8\">\n\t<td class=\"column-1\">10:00 - 11:00<\/td><td class=\"column-2\"><span class=\"session-title\">NanoBio<\/span><br \/>\n<span class=\"chairs\">Chair: Simone Sch\u00fcrle-Finke, ETHZ<\/span><br \/>\n<b><a class=\"speaker-link\" href=\"..\/speakers\/acuna\" target=\"_blank\" rel=\"noopener\">Prof. Dr. Guillermo Acuna<\/a><\/b>, D\u00e9partement de Physique - Photonic Nanosystems. Universit\u00e9 de Fribourg - Facult\u00e9 des Sciences et de M\u00e9decine; University of Fribourg, Switzerland<br \/>\n<br \/>\n<img decoding=\"async\" class=\"title-icon\" src=\"..\/media\/speaker-icon.png\" width=\"20\"><i>DNA nanotechnology for nanophotonics<\/i><br \/>\n<hr class=\"speakerdivide\"><br \/>\n<b><a class=\"speaker-link\" href=\"..\/speakers\/garcia-cordero\" target=\"_blank\" rel=\"noopener\">Jose L Garcia-Cordero, PhD<\/a><\/b>, Institute of Human Biology, Roche, Basel, Switzerland<br \/>\n<br \/>\n<img decoding=\"async\" class=\"title-icon\" src=\"..\/media\/speaker-icon.png\" width=\"20\"><i>Advanced Microfluidic Platforms for Scalable Organoid Culture<\/i><br \/>\n<hr class=\"speakerdivide\"><br \/>\n<b><a class=\"speaker-link\" href=\"..\/speakers\/ionescu\" target=\"_blank\" rel=\"noopener\">Prof. Adrian M. Ionescu<\/a><\/b>, Nanolab, EPFL, Switzerland<br \/>\n<br \/>\n<img decoding=\"async\" class=\"title-icon\" src=\"..\/media\/speaker-icon.png\" width=\"20\"><i>Nanotechnology-driven Real-Time Biosensing: Enabling Digital Twins for Proactive Healthcare at the Edge<\/i><br \/>\n<br \/>\n<\/td>\n<\/tr>\n<tr class=\"row-9\">\n\t<td class=\"column-1\">11:00 - 11:30<\/td><td class=\"column-2\">Coffee Break &amp; Exhibition Visit<\/td>\n<\/tr>\n<tr class=\"row-10\">\n\t<td class=\"column-1\">11:30 - 12:30<\/td><td class=\"column-2\"><span class=\"session-title\">Nano in Medtech<\/span><br \/>\n<span class=\"chairs\">Chair: Barbara Rothen-Rutishauser, AMI Uni-FR<\/span><br \/>\n<b><a class=\"speaker-link\" href=\"..\/speakers\/rader\" target=\"_blank\" rel=\"noopener\">Dr. Christopher Rader<\/a><\/b>, Empa, Laboratory for Biomimetic Membranes and Textiles, St. Gallen, Switzerland<br \/>\n<br \/>\n<img decoding=\"async\" class=\"title-icon\" src=\"..\/media\/speaker-icon.png\" width=\"20\"><i>Mobile to pilot scale nanofiber production for biomedical applications<\/i><br \/>\n<hr class=\"speakerdivide\"><br \/>\n<b><a class=\"speaker-link\" href=\"..\/speakers\/guex\" target=\"_blank\" rel=\"noopener\">Prof. Anne G\u00e9raldine Guex, PhD<\/a><\/b>, University Center for Dental Medicine Basel UZB and Department of Biomedicine, University of Basel, Switzerland<br \/>\n<br \/>\n<img decoding=\"async\" class=\"title-icon\" src=\"..\/media\/speaker-icon.png\" width=\"20\"><i>Analysing the nano-scale to understand the micro-scale: Cell-material interactions in oral implantology<\/i><br \/>\n<hr class=\"speakerdivide\"><br \/>\n<b><a class=\"speaker-link\" href=\"..\/speakers\/boudoire\" target=\"_blank\" rel=\"noopener\">Dr. Florent Boudoire<\/a><\/b>, CSEM SA, Micro &amp; Nano Systems Business Unit, Additive Manufacturing and Component Reliability Group, Switzerland<br \/>\n<br \/>\n<img decoding=\"async\" class=\"title-icon\" src=\"..\/media\/speaker-icon.png\" width=\"20\"><i>Lithography-Based Additive Manufacturing: Micrometric Precision in 3D Printed Biocompatible Polymers and Metals<\/i><br \/>\n<br \/>\n<\/td>\n<\/tr>\n<tr class=\"row-11\">\n\t<td class=\"column-1\">12:30 - 14:00<\/td><td class=\"column-2\">Lunch, Poster &amp; Exhibition Visit <\/td>\n<\/tr>\n<tr class=\"row-12\">\n\t<td class=\"column-1\">14:00 - 15:00<\/td><td class=\"column-2\"><span class=\"session-title\">G\u00fcntherodt Lectures on Imaging at Nanoscale<\/span><br \/>\n<span class=\"chairs\">Chairs: Manuel Guizar, PSI and EPFL &amp; Philipp Pelz, Friedrich-Alexander-Universit\u00e4tErlangen-N\u00fcrnberg<\/span><br \/>\n<b><a class=\"speaker-link\" href=\"..\/speakers\/lorenz\" target=\"_blank\" rel=\"noopener\">Dr. Ulrich Lorenz<\/a><\/b>, Laboratory of Molecular Nanodynamics , Ecole Polytechnique F\u00e9d\u00e9rale de Lausanne (EPFL), Switzerland<br \/>\n<br \/>\n<img decoding=\"async\" class=\"title-icon\" src=\"..\/media\/speaker-icon.png\" width=\"20\"><i>Microsecond Time-Resolved Cryo-EM<\/i><br \/>\n<hr class=\"speakerdivide\"><br \/>\n<b><a class=\"speaker-link\" href=\"..\/speakers\/shao\" target=\"_blank\" rel=\"noopener\">Yifeng Shao<\/a><\/b>, AIM Solutions B.V. &amp; Imaging Physics Department, Delft University of Technology, The Netherlands<br \/>\n<br \/>\n<img decoding=\"async\" class=\"title-icon\" src=\"..\/media\/speaker-icon.png\" width=\"20\"><i>EUV ptychography for semiconductor metrology and inspection<\/i><br \/>\n<hr class=\"speakerdivide\"><br \/>\n<b><a class=\"speaker-link\" href=\"..\/speakers\/colombo\" target=\"_blank\" rel=\"noopener\">Dr. Alessandro Colombo<\/a><\/b>, Laboratory for Solid State Physics, Physics department, ETH Zurich, Switzerland<br \/>\n<br \/>\n<img decoding=\"async\" class=\"title-icon\" src=\"..\/media\/speaker-icon.png\" width=\"20\"><i>The ultrafast dance of superheated plasmonic nanoparticles<\/i><br \/>\n<br \/>\n<br \/>\n<\/td>\n<\/tr>\n<tr class=\"row-13\">\n\t<td class=\"column-1\">15:00 - 15:30<\/td><td class=\"column-2\">Coffee Break &amp; Exhibition Visit<\/td>\n<\/tr>\n<tr class=\"row-14\">\n\t<td class=\"column-1\">15:30 - 16:30<\/td><td class=\"column-2\"><span class=\"session-title\">Nano in Swiss Industry<\/span><br \/>\n<span class=\"chairs\">Chair: Marcus Morstein, Hightech Zentrum Aargau<\/span><br \/>\n<br \/>\n<b><a class=\"speaker-link\" href=\"..\/speakers\/stalder\" target=\"_blank\" rel=\"noopener\">Dr. Bernhard Stalder<\/a><\/b>, Principal Scientist \/ Senior Project Manager<br \/>\nBusiness Area Grinding &amp; Dispersing B\u00fchler AG, Switzerland<br \/>\n<br \/>\n<img decoding=\"async\" class=\"title-icon\" src=\"..\/media\/speaker-icon.png\" width=\"20\"><i>Potentiation of Effectiveness \u2013 industrial applications of nano-scale wet grinding<\/i><br \/>\n<hr class=\"speakerdivide\"><br \/>\n<b><a class=\"speaker-link\" href=\"..\/speakers\/greuter\" target=\"_blank\" rel=\"noopener\">Lukas Greuter<\/a><\/b>, Business Development Manager Life Sciences and Diagnostics, IMT Masken und Teilungen AG, Switzerland<br \/>\n<br \/>\n<img decoding=\"async\" class=\"title-icon\" src=\"..\/media\/speaker-icon.png\" width=\"20\"><i>Where Photonics Meet Microfluidics \u2013 Consumables For Life Sciences and Diagnostics Applications in Glass<\/i><br \/>\n<hr class=\"speakerdivide\"><br \/>\n<b><a class=\"speaker-link\" href=\"..\/speakers\/schneider\" target=\"_blank\" rel=\"noopener\">Dr. Julian Schneider<\/a><\/b>, Founder &amp; CPO, Scrona AG, Switzerland<br \/>\n<br \/>\n<img decoding=\"async\" class=\"title-icon\" src=\"..\/media\/speaker-icon.png\" width=\"20\"><i>Transforming micro-manufacturing: Precision, Performance, and Potential<\/i><br \/>\n<br \/>\n<br \/>\n<br \/>\n<\/td>\n<\/tr>\n<tr class=\"row-15\">\n\t<td class=\"column-1\">16:30 - 17:15<\/td><td class=\"column-2\"><span class=\"session-title\" id=\"startup\">Startup Competition<\/span><br \/>\n<span class=\"chairs\">Chairs: Lorenz Herrmann, Empa &amp; Marcus Morstein, Hightech Zentrum Aargau<\/span><br \/>\n<b>Participating companies will each give a 6 minute pitch.<\/b><br \/>\n<ul style=\"margin-top:0px; margin-bottom:0px;\"><br \/>\n<li><a href=\"https:\/\/btry.ch\/\" target=\"_blank\" rel=\"noopener\">BTRY<\/a><br \/>\n<li><a href=\"https:\/\/xemperia.com\/\" target=\"_blank\" rel=\"noopener\">Xemperia<\/a><br \/>\n<li><a href=\"https:\/\/www.chiralnano.com\/\" target=\"_blank\" rel=\"noopener\">Chiral Nano<\/a><br \/>\n<li><a href=\"https:\/\/perovskia.solar\/\" target=\"_blank\" rel=\"noopener\">Perovskia Solar<\/a><br \/>\n<li><a href=\"https:\/\/www.yquantum.ch\/\" target=\"_blank\" rel=\"noopener\">YQuantum<\/a><br \/>\n<li><a href=\"https:\/\/unisers.ch\/\" target=\"_blank\" rel=\"noopener\">Unisers<\/a><br \/>\n<\/ul><br \/>\n<b>Session and prize sponsored by the Swiss MNT Network<\/b><br \/>\n<br \/>\n<div align=\"center\"><img decoding=\"async\" width=\"200px;\" src=\"\/2018\/wp-content\/uploads\/2017\/12\/swiss-mnt-color-e1512566693959.jpg\" alt=\"Swiss MNT logo\" \/><br \/>\n<\/div><br \/>\n<\/td>\n<\/tr>\n<tr class=\"row-16\">\n\t<td class=\"column-1\">17:15 - 19:00<\/td><td class=\"column-2\"><span class=\"session-title\">Poster Session with Aperitif<\/span><br \/>\n<br \/>\n<span class=\"chairs\">Chairs: Alexandra K\u00e4mpfer Homsy, HES-SO \/ He-Arc, Neuch\u00e2tel &amp; Silvia Schintke, HEIG-VD, HES-SO <\/span><br \/>\n<br \/>\n<b>Aperitif will be served from 18:00.<\/b><br \/>\n<br \/>\n<ul><br \/>\n<li>Dedicated poster session<br \/>\n<li>Networking Aperitif<br \/>\n<li>Vote for Best Poster Prizes<br \/>\n<\/ul><br \/>\n<\/td>\n<\/tr>\n<tr class=\"row-17\">\n\t<td class=\"column-1\">19:00<\/td><td class=\"column-2\">Adjourn for the Day<br \/>\n<\/td>\n<\/tr>\n<tr class=\"row-18\">\n\t<td class=\"column-1\">\u00a0<\/td><td class=\"column-2\"><\/td>\n<\/tr>\n<tr class=\"row-19\">\n\t<td class=\"column-1\"><b>Friday 13 June 2025<\/b><\/td><td class=\"column-2\"><\/td>\n<\/tr>\n<tr class=\"row-20\">\n\t<td class=\"column-1\">08:00<\/td><td class=\"column-2\">Registration Desk Opens<\/td>\n<\/tr>\n<tr class=\"row-21\">\n\t<td class=\"column-1\">08:30 - 09:10<\/td><td class=\"column-2\"><span class=\"session-title\">Keynote Talk<\/span><br \/>\n<span class=\"chairs\">Chair: Yasin Ekinci, PSI<\/span><br \/>\n<span class=\"keynote-title\">KEYNOTE<\/span><br \/>\n<b><a class=\"speaker-link\" href=\"..\/speakers\/benschop\" target=\"_blank\" rel=\"noopener\">Dr. Jos Benschop<\/a><\/b>, Executive Vice President Technology, ASML, The Netherlands<br \/>\n<br \/>\n<img decoding=\"async\" class=\"title-icon\" src=\"..\/media\/speaker-icon.png\" width=\"20\"><i>Extreme UltraViolet Lithography; past, present and future<\/i><br \/>\n<br \/>\n<\/td>\n<\/tr>\n<tr class=\"row-22\">\n\t<td class=\"column-1\">09:10 - 10:10<\/td><td class=\"column-2\"><span class=\"session-title\">Nanomanufacturing<\/span><br \/>\n<span class=\"chairs\">Chair: Juergen Brugger, EPFL<\/span><br \/>\n<b><a class=\"speaker-link\" href=\"..\/speakers\/mfr\" target=\"_blank\" rel=\"noopener\">Dr. Marta Fernandez-Regulez<\/a><\/b>, NanoNEMS research group. Instituto de Microelectr\u00f3nica de Barcelona, IMB-CNM (CSIC), Bellaterra, Spain<br \/>\n<br \/>\n<img decoding=\"async\" class=\"title-icon\" src=\"..\/media\/speaker-icon.png\" width=\"20\"><i>Block Copolymers: A Scalable Path to Advanced Semiconductor Devices<\/i><br \/>\n<hr class=\"speakerdivide\"><br \/>\n<b><a class=\"speaker-link\" href=\"..\/speakers\/knoll\" target=\"_blank\" rel=\"noopener\">Dr. Armin Knoll<\/a><\/b>, IBM Research \u2013 Europe, Zurich, Switzerland<br \/>\n<br \/>\n<img decoding=\"async\" class=\"title-icon\" src=\"..\/media\/speaker-icon.png\" width=\"20\"><i>Automated Nanofabrication using Thermal Scanning Probe Lithography<\/i><br \/>\n<hr class=\"speakerdivide\"><br \/>\n<b><a class=\"speaker-link\" href=\"..\/speakers\/perego\" target=\"_blank\" rel=\"noopener\">Michele Perego<\/a><\/b>, National Research Council (CNR) \u2013 Institute for Microelectronics and Microsystems (IMM), Agrate Brianza branch (National Research Council), Italy<br \/>\n<br \/>\n<img decoding=\"async\" class=\"title-icon\" src=\"..\/media\/speaker-icon.png\" width=\"20\"><i>Phosphorus Doping of Silicon at the Nanoscale<\/i><br \/>\n<br \/>\n<br \/>\n<\/td>\n<\/tr>\n<tr class=\"row-23\">\n\t<td class=\"column-1\">10:10 - 10:40<\/td><td class=\"column-2\">Coffee &amp; Exhibition Visit<\/td>\n<\/tr>\n<tr class=\"row-24\">\n\t<td class=\"column-1\">10:40 - 11:40<\/td><td class=\"column-2\"><span class=\"session-title\">Functional Nanomaterials<\/span><br \/>\n<span class=\"chairs\">Chair: Esther Amstad, EPFL<\/span><br \/>\n<b><a class=\"speaker-link\" href=\"..\/speakers\/demirors\" target=\"_blank\" rel=\"noopener\">Dr. Ahmet Faik Demir\u00f6rs<\/a><\/b>, University of Fribourg, Physics Department, Switzerland<br \/>\n<br \/>\n<img decoding=\"async\" class=\"title-icon\" src=\"..\/media\/speaker-icon.png\" width=\"20\"><i>3D Printing Methods for Isotropic Structural Colored Objects with Self-assembly of Colloids<\/i><br \/>\n<hr class=\"speakerdivide\"><br \/>\n<b><a class=\"speaker-link\" href=\"..\/speakers\/bastings\" target=\"_blank\" rel=\"noopener\">Prof Dr Ir Maartje M.C. Bastings<\/a><\/b>, Programmable Biomaterials Laboratory, Institute of Materials &amp; Institute of Bioengineering, School of Engineering, EPFL, Switzerland<br \/>\n<br \/>\n<img decoding=\"async\" class=\"title-icon\" src=\"..\/media\/speaker-icon.png\" width=\"20\"><i>Super-Selective Biomaterials in Action<\/i><br \/>\n<hr class=\"speakerdivide\"><br \/>\n<b><a class=\"speaker-link\" href=\"..\/speakers\/abitbol\" target=\"_blank\" rel=\"noopener\">Prof. Tiffany Abitbol<\/a><\/b>, Institute of Materials (IMX), Sustainable Materials Laboratory (SML), EPFL, Switzerland<br \/>\n<br \/>\n<img decoding=\"async\" class=\"title-icon\" src=\"..\/media\/speaker-icon.png\" width=\"20\"><i>Cellulose nanocrystal self-assembly in suspension and in films<\/i><br \/>\n<br \/>\n<\/td>\n<\/tr>\n<tr class=\"row-25\">\n\t<td class=\"column-1\">11:40 - 12:40<\/td><td class=\"column-2\"><span class=\"session-title\">Photonics<\/span><br \/>\n<span class=\"chairs\">Chair: Kirsten Moselund, PSI &amp; EPFL<\/span><br \/>\n<b><a class=\"speaker-link\" href=\"..\/speakers\/gartside\" target=\"_blank\" rel=\"noopener\">Dr Jack C. Gartside<\/a><\/b>, Blackett Laboratory, Department of Physics and London Centre for Nanotechnology. Imperial College London, United Kingdom<br \/>\n<br \/>\n<img decoding=\"async\" class=\"title-icon\" src=\"..\/media\/speaker-icon.png\" width=\"20\"><i>Retinomorphic Machine Vision in a Nonlinear Photonic Lasing Network<\/i><br \/>\n<hr class=\"speakerdivide\"><br \/>\n<b><a class=\"speaker-link\" href=\"..\/speakers\/urbonas\" target=\"_blank\" rel=\"noopener\">Dr. Darius Urbonas<\/a><\/b>, IBM Research Europe-Zurich, Switzerland<br \/>\n<br \/>\n<img decoding=\"async\" class=\"title-icon\" src=\"..\/media\/speaker-icon.png\" width=\"20\"><i>All-optical polariton transistors<\/i><br \/>\n<hr class=\"speakerdivide\"><br \/>\n<b><a class=\"speaker-link\" href=\"..\/speakers\/solak\" target=\"_blank\" rel=\"noopener\">Dr. Harun Solak<\/a><\/b>, CEO, Eulitha AG, Switzerland<br \/>\n<br \/>\n<img decoding=\"async\" class=\"title-icon\" src=\"..\/media\/speaker-icon.png\" width=\"20\"><i>Low Cost Optical Lithography for High-Resolution Periodic Patterning<\/i><br \/>\n<br \/>\n<br \/>\n<\/td>\n<\/tr>\n<tr class=\"row-26\">\n\t<td class=\"column-1\">12:40 - 14:10<\/td><td class=\"column-2\">Lunch, Poster &amp; Exhibition Visit<\/td>\n<\/tr>\n<tr class=\"row-27\">\n\t<td class=\"column-1\">14:10 - 15:10<\/td><td class=\"column-2\"><span class=\"session-title\">Nano and Quantum<\/span><br \/>\n<span class=\"chairs\">Chair: Martino Poggio, SNI Basel<\/span><br \/>\n<b><a class=\"speaker-link\" href=\"..\/speakers\/caviglia\" target=\"_blank\" rel=\"noopener\">Prof. Andrea Caviglia<\/a><\/b>, Department of Quantum Matter Physics, University of Geneva, Switzerland<br \/>\n<br \/>\n<img decoding=\"async\" class=\"title-icon\" src=\"..\/media\/speaker-icon.png\" width=\"20\"><i>The quantum metric of electrons with spin-momentum locking<\/i><br \/>\n<hr class=\"speakerdivide\"><br \/>\n<b><a class=\"speaker-link\" href=\"..\/speakers\/denisov\" target=\"_blank\" rel=\"noopener\">Dr. Artem Denisov<\/a><\/b>, Ensslin Group, ETH Zurich, Switzerland<br \/>\n<br \/>\n<img decoding=\"async\" class=\"title-icon\" src=\"..\/media\/speaker-icon.png\" width=\"20\"><i>Spin-Valley Protected Kramers Pair in Bilayer Graphene<\/i><br \/>\n<hr class=\"speakerdivide\"><br \/>\n<b><a class=\"speaker-link\" href=\"..\/speakers\/schuler\" target=\"_blank\" rel=\"noopener\">Dr. Bruno Schuler<\/a><\/b>, nanotech@surfaces Lab, Empa - Swiss Federal Laboratories for Materials Science and Technology, Switzerland<br \/>\n<br \/>\n<img decoding=\"async\" class=\"title-icon\" src=\"..\/media\/speaker-icon.png\" width=\"20\"><i>Probing Atomic Defects in 2D Semiconductors with Lightwave-Driven STM<\/i><br \/>\n<br \/>\n<\/td>\n<\/tr>\n<tr class=\"row-28\">\n\t<td class=\"column-1\">15:10 - 15:40<\/td><td class=\"column-2\">Coffee &amp; Exhibition Visit<\/td>\n<\/tr>\n<tr class=\"row-29\">\n\t<td class=\"column-1\">15:40 - 16:30<\/td><td class=\"column-2\"><span class=\"session-title\"  id=\"phd\">Student Talks (PhD Awards)<\/span><br \/>\n<span class=\"chairs\">Chair: Michel Despont, CSEM<\/span><br \/>\n<br \/>\nThe following winners of the 2025 PhD Awards will each give a short presentation of their work.<br \/>\n<ul><br \/>\n<li><b>Mustafa Yildirim<\/b>, EPFL (Nonlinear processing with linear optics)<br \/>\n<li><b>Mahdi Chegnizadeh<\/b>, EPFL (Quantum collective motion of macroscopic mechanical oscillators)<br \/>\n<li><b>M\u00e4rta Tschudinm<\/b>, University of Basel (Imaging nanomagnetism and magnetic phase transitions in atomically thin CrSBr)<br \/>\n<li><b>Etsuki Kobiyama<\/b>, IBM (Perovskite Nanocrystal Self-Assemblies in 3D Hollow Template)<br \/>\n<li><b>Oscar Cipolato<\/b>, ETHZ (Robotic Laser Tissue Soldering for Atraumatic Soft Tissue Fusion Guided by Fluorescent Nanothermometry)<br \/>\n<\/ul><br \/>\nFollowing the talks, there will a short award presentation for each recipient on behalf of the sponsoring company.<br \/>\n<br><\/td>\n<\/tr>\n<tr class=\"row-30\">\n\t<td class=\"column-1\">16:30 - 17:00<\/td><td class=\"column-2\"><span class=\"session-title\">Awards Ceremony<\/span><br \/>\n<span class=\"chairs\">Chairs: Yasin Ekinci, PSI &amp; Hatice Altug, EPFL<\/span><br \/>\n<ol><br \/>\n<li><b>Swiss Nanotechnology PhD Awards 2025<\/b><br \/><br \/>\n<li><b>Image Contest Award<\/b><br \/><br \/>\n<li><b>Best Poster Award<\/b><br \/><br \/>\n<li><b>Swiss Nanotechnology Start-Up Prize<\/b><br \/><br \/>\n<\/ol><\/td>\n<\/tr>\n<tr class=\"row-31\">\n\t<td class=\"column-1\">17:00 - 17:15<\/td><td class=\"column-2\"><span class=\"session-title\">Closing Remarks<\/span><br \/>\n<br \/>\n<p>Conference wrap-up and announcements<\/p> <br \/>\n<br \/>\n<\/td>\n<\/tr>\n<tr class=\"row-32\">\n\t<td class=\"column-1\">17:15 - 18:00<\/td><td class=\"column-2\">Light Farewell Apero<\/td>\n<\/tr>\n<\/tbody>\n<\/table>\n<!-- #tablepress-2 from cache -->\n<\/div>\n<\/div>\n<p>&nbsp;<\/p>\n<p>&nbsp;<\/p>\n","protected":false},"excerpt":{"rendered":"<p>We are happy to announce the following Keynote Speakers have been confirmed for SNC 2025: Anna Fontcuberta i Morral President, EPFL Professor, Laboratory of Semiconductor Materials Switzerland Jos Benschop Executive Vice President Technology ASML The Netherlands Final Program Last update:<\/p>\n","protected":false},"author":1,"featured_media":0,"parent":0,"menu_order":0,"comment_status":"closed","ping_status":"closed","template":"","meta":{"footnotes":""},"class_list":["post-121","page","type-page","status-publish","hentry","","tg-column-two"],"_links":{"self":[{"href":"https:\/\/swissnanoconvention.ch\/2025\/wp-json\/wp\/v2\/pages\/121","targetHints":{"allow":["GET"]}}],"collection":[{"href":"https:\/\/swissnanoconvention.ch\/2025\/wp-json\/wp\/v2\/pages"}],"about":[{"href":"https:\/\/swissnanoconvention.ch\/2025\/wp-json\/wp\/v2\/types\/page"}],"author":[{"embeddable":true,"href":"https:\/\/swissnanoconvention.ch\/2025\/wp-json\/wp\/v2\/users\/1"}],"replies":[{"embeddable":true,"href":"https:\/\/swissnanoconvention.ch\/2025\/wp-json\/wp\/v2\/comments?post=121"}],"version-history":[{"count":27,"href":"https:\/\/swissnanoconvention.ch\/2025\/wp-json\/wp\/v2\/pages\/121\/revisions"}],"predecessor-version":[{"id":660,"href":"https:\/\/swissnanoconvention.ch\/2025\/wp-json\/wp\/v2\/pages\/121\/revisions\/660"}],"wp:attachment":[{"href":"https:\/\/swissnanoconvention.ch\/2025\/wp-json\/wp\/v2\/media?parent=121"}],"curies":[{"name":"wp","href":"https:\/\/api.w.org\/{rel}","templated":true}]}}